{"id":56,"date":"2022-11-28T17:30:11","date_gmt":"2022-11-28T16:30:11","guid":{"rendered":"https:\/\/jeu-digital.fr\/cofruidoc\/calendrier-de-lavent-legend\/?page_id=56"},"modified":"2023-01-02T17:58:12","modified_gmt":"2023-01-02T16:58:12","slug":"calendrier","status":"publish","type":"page","link":"https:\/\/jeu-digital.fr\/cofruidoc\/calendrier-de-lavent-legend\/","title":{"rendered":"Calendrier"},"content":{"rendered":"\t\t<div data-elementor-type=\"wp-page\" data-elementor-id=\"56\" class=\"elementor elementor-56\">\n\t\t\t\t\t\t\t\t\t<section class=\"elementor-section elementor-top-section elementor-element elementor-element-04a31c0 elementor-section-height-full elementor-section-items-top elementor-section-boxed elementor-section-height-default\" data-id=\"04a31c0\" data-element_type=\"section\" data-settings=\"{&quot;background_background&quot;:&quot;classic&quot;}\">\n\t\t\t\t\t\t<div class=\"elementor-container elementor-column-gap-default\">\n\t\t\t\t\t<div class=\"elementor-column elementor-col-100 elementor-top-column elementor-element elementor-element-8dfc40b\" data-id=\"8dfc40b\" data-element_type=\"column\">\n\t\t\t<div class=\"elementor-widget-wrap elementor-element-populated\">\n\t\t\t\t\t\t\t\t<div class=\"elementor-element elementor-element-a67ea17 elementor-widget elementor-widget-image\" data-id=\"a67ea17\" data-element_type=\"widget\" data-widget_type=\"image.default\">\n\t\t\t\t<div class=\"elementor-widget-container\">\n\t\t\t<style>\/*! elementor - v3.8.1 - 13-11-2022 *\/\n.elementor-widget-image{text-align:center}.elementor-widget-image a{display:inline-block}.elementor-widget-image a img[src$=\".svg\"]{width:48px}.elementor-widget-image img{vertical-align:middle;display:inline-block}<\/style>\t\t\t\t\t\t\t\t\t\t\t\t<img loading=\"lazy\" decoding=\"async\" width=\"741\" height=\"120\" src=\"https:\/\/jeu-digital.fr\/cofruidoc\/calendrier-de-lavent-legend\/wp-content\/uploads\/2022\/11\/Fichier-1.png\" class=\"attachment-large size-large\" alt=\"\" srcset=\"https:\/\/jeu-digital.fr\/cofruidoc\/calendrier-de-lavent-legend\/wp-content\/uploads\/2022\/11\/Fichier-1.png 741w, https:\/\/jeu-digital.fr\/cofruidoc\/calendrier-de-lavent-legend\/wp-content\/uploads\/2022\/11\/Fichier-1-300x49.png 300w\" sizes=\"auto, (max-width: 741px) 100vw, 741px\" \/>\t\t\t\t\t\t\t\t\t\t\t\t\t\t\t<\/div>\n\t\t\t\t<\/div>\n\t\t\t\t<section class=\"elementor-section elementor-inner-section elementor-element elementor-element-8e33607 elementor-section-boxed elementor-section-height-default elementor-section-height-default\" data-id=\"8e33607\" data-element_type=\"section\" data-settings=\"{&quot;background_background&quot;:&quot;classic&quot;}\">\n\t\t\t\t\t\t<div class=\"elementor-container elementor-column-gap-default\">\n\t\t\t\t\t<div class=\"elementor-column elementor-col-100 elementor-inner-column elementor-element elementor-element-94f741a\" data-id=\"94f741a\" data-element_type=\"column\">\n\t\t\t<div class=\"elementor-widget-wrap elementor-element-populated\">\n\t\t\t\t\t\t\t\t<div class=\"elementor-element elementor-element-18f02d7 elementor-widget elementor-widget-heading\" data-id=\"18f02d7\" data-element_type=\"widget\" data-widget_type=\"heading.default\">\n\t\t\t\t<div class=\"elementor-widget-container\">\n\t\t\t<style>\/*! elementor - v3.8.1 - 13-11-2022 *\/\n.elementor-heading-title{padding:0;margin:0;line-height:1}.elementor-widget-heading .elementor-heading-title[class*=elementor-size-]>a{color:inherit;font-size:inherit;line-height:inherit}.elementor-widget-heading .elementor-heading-title.elementor-size-small{font-size:15px}.elementor-widget-heading .elementor-heading-title.elementor-size-medium{font-size:19px}.elementor-widget-heading .elementor-heading-title.elementor-size-large{font-size:29px}.elementor-widget-heading .elementor-heading-title.elementor-size-xl{font-size:39px}.elementor-widget-heading .elementor-heading-title.elementor-size-xxl{font-size:59px}<\/style><h2 class=\"elementor-heading-title elementor-size-default\">Le Calendrier de l\u2019Avent Legend est d\u00e9sormais termin\u00e9. Merci \u00e0 tous pour vos participations, et rendez-vous dans quelques jours pour le tirage au sort, surveillez vos bo\u00eetes mails !<\/h2>\t\t<\/div>\n\t\t\t\t<\/div>\n\t\t\t\t\t<\/div>\n\t\t<\/div>\n\t\t\t\t\t\t\t<\/div>\n\t\t<\/section>\n\t\t\t\t<div class=\"elementor-element elementor-element-ad68f00 elementor-fixed elementor-widget elementor-widget-image\" data-id=\"ad68f00\" data-element_type=\"widget\" data-settings=\"{&quot;_position&quot;:&quot;fixed&quot;}\" data-widget_type=\"image.default\">\n\t\t\t\t<div class=\"elementor-widget-container\">\n\t\t\t\t\t\t\t\t\t\t\t\t\t\t\t<img loading=\"lazy\" decoding=\"async\" width=\"1115\" height=\"339\" src=\"https:\/\/jeu-digital.fr\/cofruidoc\/calendrier-de-lavent-legend\/wp-content\/uploads\/2022\/11\/Fichier-4.png\" class=\"attachment-full size-full\" alt=\"\" srcset=\"https:\/\/jeu-digital.fr\/cofruidoc\/calendrier-de-lavent-legend\/wp-content\/uploads\/2022\/11\/Fichier-4.png 1115w, https:\/\/jeu-digital.fr\/cofruidoc\/calendrier-de-lavent-legend\/wp-content\/uploads\/2022\/11\/Fichier-4-300x91.png 300w, https:\/\/jeu-digital.fr\/cofruidoc\/calendrier-de-lavent-legend\/wp-content\/uploads\/2022\/11\/Fichier-4-1024x311.png 1024w, https:\/\/jeu-digital.fr\/cofruidoc\/calendrier-de-lavent-legend\/wp-content\/uploads\/2022\/11\/Fichier-4-768x233.png 768w\" sizes=\"auto, (max-width: 1115px) 100vw, 1115px\" \/>\t\t\t\t\t\t\t\t\t\t\t\t\t\t\t<\/div>\n\t\t\t\t<\/div>\n\t\t\t\t\t<\/div>\n\t\t<\/div>\n\t\t\t\t\t\t\t<\/div>\n\t\t<\/section>\n\t\t\t\t\t\t\t<\/div>\n\t\t","protected":false},"excerpt":{"rendered":"<p>Le Calendrier de l\u2019Avent Legend est d\u00e9sormais termin\u00e9. Merci \u00e0 tous pour vos participations, et rendez-vous dans quelques jours pour le tirage au sort, surveillez vos bo\u00eetes mails !<\/p>\n","protected":false},"author":1,"featured_media":0,"parent":0,"menu_order":0,"comment_status":"closed","ping_status":"closed","template":"elementor_canvas","meta":{"footnotes":""},"class_list":["post-56","page","type-page","status-publish","hentry"],"_links":{"self":[{"href":"https:\/\/jeu-digital.fr\/cofruidoc\/calendrier-de-lavent-legend\/wp-json\/wp\/v2\/pages\/56","targetHints":{"allow":["GET"]}}],"collection":[{"href":"https:\/\/jeu-digital.fr\/cofruidoc\/calendrier-de-lavent-legend\/wp-json\/wp\/v2\/pages"}],"about":[{"href":"https:\/\/jeu-digital.fr\/cofruidoc\/calendrier-de-lavent-legend\/wp-json\/wp\/v2\/types\/page"}],"author":[{"embeddable":true,"href":"https:\/\/jeu-digital.fr\/cofruidoc\/calendrier-de-lavent-legend\/wp-json\/wp\/v2\/users\/1"}],"replies":[{"embeddable":true,"href":"https:\/\/jeu-digital.fr\/cofruidoc\/calendrier-de-lavent-legend\/wp-json\/wp\/v2\/comments?post=56"}],"version-history":[{"count":52,"href":"https:\/\/jeu-digital.fr\/cofruidoc\/calendrier-de-lavent-legend\/wp-json\/wp\/v2\/pages\/56\/revisions"}],"predecessor-version":[{"id":124,"href":"https:\/\/jeu-digital.fr\/cofruidoc\/calendrier-de-lavent-legend\/wp-json\/wp\/v2\/pages\/56\/revisions\/124"}],"wp:attachment":[{"href":"https:\/\/jeu-digital.fr\/cofruidoc\/calendrier-de-lavent-legend\/wp-json\/wp\/v2\/media?parent=56"}],"curies":[{"name":"wp","href":"https:\/\/api.w.org\/{rel}","templated":true}]}}