{"id":11,"date":"2023-05-26T14:48:42","date_gmt":"2023-05-26T12:48:42","guid":{"rendered":"https:\/\/jeu-digital.fr\/saintchinian\/astucieux\/?page_id=11"},"modified":"2023-09-08T17:46:20","modified_gmt":"2023-09-08T15:46:20","slug":"jeu","status":"publish","type":"page","link":"https:\/\/jeu-digital.fr\/saintchinian\/astucieux\/","title":{"rendered":"Jeu"},"content":{"rendered":"\t\t<div data-elementor-type=\"wp-page\" data-elementor-id=\"11\" class=\"elementor elementor-11\">\n\t\t\t\t\t\t\t\t\t<section class=\"elementor-section elementor-top-section elementor-element elementor-element-247525f elementor-section-boxed elementor-section-height-default elementor-section-height-default\" data-id=\"247525f\" data-element_type=\"section\">\n\t\t\t\t\t\t<div class=\"elementor-container elementor-column-gap-default\">\n\t\t\t\t\t<div class=\"elementor-column elementor-col-50 elementor-top-column elementor-element elementor-element-111e182\" data-id=\"111e182\" data-element_type=\"column\">\n\t\t\t<div class=\"elementor-widget-wrap elementor-element-populated\">\n\t\t\t\t\t\t\t\t<div class=\"elementor-element elementor-element-cf102ef elementor-widget elementor-widget-image\" data-id=\"cf102ef\" data-element_type=\"widget\" data-widget_type=\"image.default\">\n\t\t\t\t<div class=\"elementor-widget-container\">\n\t\t\t<style>\/*! elementor - v3.13.3 - 22-05-2023 *\/\n.elementor-widget-image{text-align:center}.elementor-widget-image a{display:inline-block}.elementor-widget-image a img[src$=\".svg\"]{width:48px}.elementor-widget-image img{vertical-align:middle;display:inline-block}<\/style>\t\t\t\t\t\t\t\t\t\t\t\t<img loading=\"lazy\" decoding=\"async\" width=\"398\" height=\"90\" src=\"https:\/\/jeu-digital.fr\/saintchinian\/astucieux\/wp-content\/uploads\/2023\/05\/tous_fans_de_rugby.png\" class=\"attachment-large size-large wp-image-28\" alt=\"\" srcset=\"https:\/\/jeu-digital.fr\/saintchinian\/astucieux\/wp-content\/uploads\/2023\/05\/tous_fans_de_rugby.png 398w, https:\/\/jeu-digital.fr\/saintchinian\/astucieux\/wp-content\/uploads\/2023\/05\/tous_fans_de_rugby-300x68.png 300w\" sizes=\"auto, (max-width: 398px) 100vw, 398px\" \/>\t\t\t\t\t\t\t\t\t\t\t\t\t\t\t<\/div>\n\t\t\t\t<\/div>\n\t\t\t\t<div class=\"elementor-element elementor-element-14de359 elementor-widget elementor-widget-image\" data-id=\"14de359\" data-element_type=\"widget\" data-widget_type=\"image.default\">\n\t\t\t\t<div class=\"elementor-widget-container\">\n\t\t\t\t\t\t\t\t\t\t\t\t\t\t\t<img loading=\"lazy\" decoding=\"async\" width=\"71\" height=\"20\" src=\"https:\/\/jeu-digital.fr\/saintchinian\/astucieux\/wp-content\/uploads\/2023\/05\/avec.png\" class=\"attachment-large size-large wp-image-29\" alt=\"\" \/>\t\t\t\t\t\t\t\t\t\t\t\t\t\t\t<\/div>\n\t\t\t\t<\/div>\n\t\t\t\t<div class=\"elementor-element elementor-element-d71f337 elementor-widget elementor-widget-image\" data-id=\"d71f337\" data-element_type=\"widget\" data-widget_type=\"image.default\">\n\t\t\t\t<div class=\"elementor-widget-container\">\n\t\t\t\t\t\t\t\t\t\t\t\t\t\t\t<img loading=\"lazy\" decoding=\"async\" width=\"800\" height=\"203\" src=\"https:\/\/jeu-digital.fr\/saintchinian\/astucieux\/wp-content\/uploads\/2023\/05\/logo_cave_saint_chinian.png\" class=\"attachment-large size-large wp-image-31\" alt=\"\" srcset=\"https:\/\/jeu-digital.fr\/saintchinian\/astucieux\/wp-content\/uploads\/2023\/05\/logo_cave_saint_chinian.png 1000w, https:\/\/jeu-digital.fr\/saintchinian\/astucieux\/wp-content\/uploads\/2023\/05\/logo_cave_saint_chinian-300x76.png 300w, https:\/\/jeu-digital.fr\/saintchinian\/astucieux\/wp-content\/uploads\/2023\/05\/logo_cave_saint_chinian-768x195.png 768w\" sizes=\"auto, (max-width: 800px) 100vw, 800px\" \/>\t\t\t\t\t\t\t\t\t\t\t\t\t\t\t<\/div>\n\t\t\t\t<\/div>\n\t\t\t\t\t<\/div>\n\t\t<\/div>\n\t\t\t\t<div class=\"elementor-column elementor-col-50 elementor-top-column elementor-element elementor-element-6d3ad86\" data-id=\"6d3ad86\" data-element_type=\"column\">\n\t\t\t<div class=\"elementor-widget-wrap elementor-element-populated\">\n\t\t\t\t\t\t\t\t<div class=\"elementor-element elementor-element-bc96468 elementor-widget elementor-widget-image\" data-id=\"bc96468\" data-element_type=\"widget\" data-widget_type=\"image.default\">\n\t\t\t\t<div class=\"elementor-widget-container\">\n\t\t\t\t\t\t\t\t\t\t\t\t\t\t\t<img loading=\"lazy\" decoding=\"async\" width=\"452\" height=\"113\" src=\"https:\/\/jeu-digital.fr\/saintchinian\/astucieux\/wp-content\/uploads\/2023\/05\/date.png\" class=\"attachment-large size-large wp-image-30\" alt=\"\" srcset=\"https:\/\/jeu-digital.fr\/saintchinian\/astucieux\/wp-content\/uploads\/2023\/05\/date.png 452w, https:\/\/jeu-digital.fr\/saintchinian\/astucieux\/wp-content\/uploads\/2023\/05\/date-300x75.png 300w\" sizes=\"auto, (max-width: 452px) 100vw, 452px\" \/>\t\t\t\t\t\t\t\t\t\t\t\t\t\t\t<\/div>\n\t\t\t\t<\/div>\n\t\t\t\t\t<\/div>\n\t\t<\/div>\n\t\t\t\t\t\t\t<\/div>\n\t\t<\/section>\n\t\t\t\t<section class=\"elementor-section elementor-top-section elementor-element elementor-element-c741147 elementor-section-boxed elementor-section-height-default elementor-section-height-default\" data-id=\"c741147\" data-element_type=\"section\" data-settings=\"{&quot;background_background&quot;:&quot;classic&quot;}\">\n\t\t\t\t\t\t<div class=\"elementor-container elementor-column-gap-default\">\n\t\t\t\t\t<div class=\"elementor-column elementor-col-100 elementor-top-column elementor-element elementor-element-5374fee\" data-id=\"5374fee\" data-element_type=\"column\" data-settings=\"{&quot;background_background&quot;:&quot;classic&quot;}\">\n\t\t\t<div class=\"elementor-widget-wrap elementor-element-populated\">\n\t\t\t\t\t\t\t\t<section class=\"elementor-section elementor-inner-section elementor-element elementor-element-109319d elementor-section-boxed elementor-section-height-default elementor-section-height-default\" data-id=\"109319d\" data-element_type=\"section\">\n\t\t\t\t\t\t<div class=\"elementor-container elementor-column-gap-default\">\n\t\t\t\t\t<div class=\"elementor-column elementor-col-100 elementor-inner-column elementor-element elementor-element-b2766c7\" data-id=\"b2766c7\" data-element_type=\"column\">\n\t\t\t<div class=\"elementor-widget-wrap elementor-element-populated\">\n\t\t\t\t\t\t\t\t<div class=\"elementor-element elementor-element-2522083 elementor-widget elementor-widget-text-editor\" data-id=\"2522083\" data-element_type=\"widget\" data-widget_type=\"text-editor.default\">\n\t\t\t\t<div class=\"elementor-widget-container\">\n\t\t\t<style>\/*! elementor - v3.13.3 - 22-05-2023 *\/\n.elementor-widget-text-editor.elementor-drop-cap-view-stacked .elementor-drop-cap{background-color:#69727d;color:#fff}.elementor-widget-text-editor.elementor-drop-cap-view-framed .elementor-drop-cap{color:#69727d;border:3px solid;background-color:transparent}.elementor-widget-text-editor:not(.elementor-drop-cap-view-default) .elementor-drop-cap{margin-top:8px}.elementor-widget-text-editor:not(.elementor-drop-cap-view-default) .elementor-drop-cap-letter{width:1em;height:1em}.elementor-widget-text-editor .elementor-drop-cap{float:left;text-align:center;line-height:1;font-size:50px}.elementor-widget-text-editor .elementor-drop-cap-letter{display:inline-block}<\/style>\t\t\t\t<p>Le grand jeu \u00ab Tous fans de rugby \u00bb est d\u00e9sormais termin\u00e9. Merci \u00e0 toutes et \u00e0 tous pour votre participation !<\/p><p>Pensez \u00e0 v\u00e9rifier vos bo\u00eetes mail : le tirage au sort aura lieu dans quelques jours !\u00a0<\/p>\t\t\t\t\t\t<\/div>\n\t\t\t\t<\/div>\n\t\t\t\t<div class=\"elementor-element elementor-element-91344bd elementor-widget__width-auto elementor-widget elementor-widget-image\" data-id=\"91344bd\" data-element_type=\"widget\" data-widget_type=\"image.default\">\n\t\t\t\t<div class=\"elementor-widget-container\">\n\t\t\t\t\t\t\t\t\t\t\t\t\t\t\t<img loading=\"lazy\" decoding=\"async\" width=\"318\" height=\"35\" src=\"https:\/\/jeu-digital.fr\/saintchinian\/astucieux\/wp-content\/uploads\/2023\/05\/suivez-nous.png\" class=\"attachment-full size-full wp-image-71\" alt=\"\" srcset=\"https:\/\/jeu-digital.fr\/saintchinian\/astucieux\/wp-content\/uploads\/2023\/05\/suivez-nous.png 318w, https:\/\/jeu-digital.fr\/saintchinian\/astucieux\/wp-content\/uploads\/2023\/05\/suivez-nous-300x33.png 300w\" sizes=\"auto, (max-width: 318px) 100vw, 318px\" \/>\t\t\t\t\t\t\t\t\t\t\t\t\t\t\t<\/div>\n\t\t\t\t<\/div>\n\t\t\t\t\t<\/div>\n\t\t<\/div>\n\t\t\t\t\t\t\t<\/div>\n\t\t<\/section>\n\t\t\t\t<section class=\"elementor-section elementor-inner-section elementor-element elementor-element-d6635ee elementor-section-boxed elementor-section-height-default elementor-section-height-default\" data-id=\"d6635ee\" data-element_type=\"section\">\n\t\t\t\t\t\t<div class=\"elementor-container elementor-column-gap-default\">\n\t\t\t\t\t<div class=\"elementor-column elementor-col-100 elementor-inner-column elementor-element elementor-element-03c72ca\" data-id=\"03c72ca\" data-element_type=\"column\">\n\t\t\t<div class=\"elementor-widget-wrap elementor-element-populated\">\n\t\t\t\t\t\t\t\t<div class=\"elementor-element elementor-element-2d30a20 elementor-widget__width-auto elementor-view-default elementor-widget elementor-widget-icon\" data-id=\"2d30a20\" data-element_type=\"widget\" data-widget_type=\"icon.default\">\n\t\t\t\t<div class=\"elementor-widget-container\">\n\t\t\t\t\t<div class=\"elementor-icon-wrapper\">\n\t\t\t<a class=\"elementor-icon\" href=\"https:\/\/www.facebook.com\/cave.saintchinian\/\" target=\"_blank\">\n\t\t\t<i aria-hidden=\"true\" class=\"fab fa-facebook\"><\/i>\t\t\t<\/a>\n\t\t<\/div>\n\t\t\t\t<\/div>\n\t\t\t\t<\/div>\n\t\t\t\t<div class=\"elementor-element elementor-element-e55dca7 elementor-widget__width-auto elementor-view-default elementor-widget elementor-widget-icon\" data-id=\"e55dca7\" data-element_type=\"widget\" data-widget_type=\"icon.default\">\n\t\t\t\t<div class=\"elementor-widget-container\">\n\t\t\t\t\t<div class=\"elementor-icon-wrapper\">\n\t\t\t<a class=\"elementor-icon\" href=\"https:\/\/www.instagram.com\/cavesaintchinian\/\" target=\"_blank\">\n\t\t\t<i aria-hidden=\"true\" class=\"fab fa-instagram\"><\/i>\t\t\t<\/a>\n\t\t<\/div>\n\t\t\t\t<\/div>\n\t\t\t\t<\/div>\n\t\t\t\t<div class=\"elementor-element elementor-element-de83edb elementor-widget__width-auto elementor-view-default elementor-widget elementor-widget-icon\" data-id=\"de83edb\" data-element_type=\"widget\" data-widget_type=\"icon.default\">\n\t\t\t\t<div class=\"elementor-widget-container\">\n\t\t\t\t\t<div class=\"elementor-icon-wrapper\">\n\t\t\t<a class=\"elementor-icon\" href=\"https:\/\/vin-saintchinian.shop\/fr\/\" target=\"_blank\">\n\t\t\t<i aria-hidden=\"true\" class=\"fas fa-shopping-cart\"><\/i>\t\t\t<\/a>\n\t\t<\/div>\n\t\t\t\t<\/div>\n\t\t\t\t<\/div>\n\t\t\t\t\t<\/div>\n\t\t<\/div>\n\t\t\t\t\t\t\t<\/div>\n\t\t<\/section>\n\t\t\t\t\t<\/div>\n\t\t<\/div>\n\t\t\t\t\t\t\t<\/div>\n\t\t<\/section>\n\t\t\t\t\t\t\t<\/div>\n\t\t","protected":false},"excerpt":{"rendered":"<p>Le grand jeu \u00ab Tous fans de rugby \u00bb est d\u00e9sormais termin\u00e9. Merci \u00e0 toutes et \u00e0 tous pour votre participation ! Pensez \u00e0 v\u00e9rifier vos bo\u00eetes mail : le tirage au sort aura lieu dans quelques jours !\u00a0<\/p>\n","protected":false},"author":1,"featured_media":0,"parent":0,"menu_order":0,"comment_status":"closed","ping_status":"closed","template":"elementor_canvas","meta":{"footnotes":""},"class_list":["post-11","page","type-page","status-publish","hentry"],"_links":{"self":[{"href":"https:\/\/jeu-digital.fr\/saintchinian\/astucieux\/wp-json\/wp\/v2\/pages\/11","targetHints":{"allow":["GET"]}}],"collection":[{"href":"https:\/\/jeu-digital.fr\/saintchinian\/astucieux\/wp-json\/wp\/v2\/pages"}],"about":[{"href":"https:\/\/jeu-digital.fr\/saintchinian\/astucieux\/wp-json\/wp\/v2\/types\/page"}],"author":[{"embeddable":true,"href":"https:\/\/jeu-digital.fr\/saintchinian\/astucieux\/wp-json\/wp\/v2\/users\/1"}],"replies":[{"embeddable":true,"href":"https:\/\/jeu-digital.fr\/saintchinian\/astucieux\/wp-json\/wp\/v2\/comments?post=11"}],"version-history":[{"count":106,"href":"https:\/\/jeu-digital.fr\/saintchinian\/astucieux\/wp-json\/wp\/v2\/pages\/11\/revisions"}],"predecessor-version":[{"id":225,"href":"https:\/\/jeu-digital.fr\/saintchinian\/astucieux\/wp-json\/wp\/v2\/pages\/11\/revisions\/225"}],"wp:attachment":[{"href":"https:\/\/jeu-digital.fr\/saintchinian\/astucieux\/wp-json\/wp\/v2\/media?parent=11"}],"curies":[{"name":"wp","href":"https:\/\/api.w.org\/{rel}","templated":true}]}}